{"id":106,"date":"2017-01-17T18:51:40","date_gmt":"2017-01-17T18:51:40","guid":{"rendered":"http:\/\/godbanm.splet.arnes.si\/?page_id=106"},"modified":"2017-04-21T18:33:41","modified_gmt":"2017-04-21T16:33:41","slug":"kontaktirajte-nas","status":"publish","type":"page","link":"https:\/\/godbanm.si\/?page_id=106","title":{"rendered":"Kontaktirajte nas"},"content":{"rendered":"<p>Ime dru\u0161tva<\/p>\n<p style=\"padding-left: 30px\"><strong>Kulturno &#8211; umetni\u0161ko dru\u0161tvo Mestna godba Novo mesto<\/strong><\/p>\n<hr \/>\n<p>Zastopnik dru\u0161tva<\/p>\n<p style=\"padding-left: 30px\"><strong>Marko Ajdi\u010d<\/strong><\/p>\n<hr \/>\n<p>Naslov dru\u0161tva<\/p>\n<p style=\"padding-left: 30px\"><strong>Nad Mlini 50, 8000 Novo mesto<\/strong><\/p>\n<hr \/>\n<p>Telefon<\/p>\n<p style=\"padding-left: 30px\"><strong>031 814 449<\/strong><\/p>\n<hr \/>\n<p>Elektronska po\u0161ta<\/p>\n<p style=\"padding-left: 30px\"><strong>mestnagodbanm@gmail.com<\/strong><\/p>\n<hr \/>\n<p>Dav\u010dna \u0161tevilka<\/p>\n<p style=\"padding-left: 30px\"><strong>38633612<\/strong><\/p>\n<hr \/>\n<p>Transakcijski ra\u010dun<\/p>\n<p style=\"padding-left: 30px\"><strong><span class=\"il\">TRR<\/span> pri Delavski hranilnici: SI56 6100 0001 5840 059<\/strong><\/p>\n<hr \/>\n","protected":false},"excerpt":{"rendered":"<p>Ime dru\u0161tva Kulturno &#8211; umetni\u0161ko dru\u0161tvo Mestna godba Novo mesto Zastopnik dru\u0161tva Marko Ajdi\u010d Naslov dru\u0161tva Nad Mlini 50, 8000 Novo mesto Telefon 031 814 449 Elektronska po\u0161ta mestnagodbanm@gmail.com Dav\u010dna \u0161tevilka 38633612 Transakcijski ra\u010dun TRR pri Delavski hranilnici: SI56 6100 0001 5840 059<\/p>\n","protected":false},"author":10690,"featured_media":0,"parent":0,"menu_order":5,"comment_status":"closed","ping_status":"open","template":"","meta":{"footnotes":""},"class_list":["post-106","page","type-page","status-publish","hentry"],"_links":{"self":[{"href":"https:\/\/godbanm.si\/index.php?rest_route=\/wp\/v2\/pages\/106","targetHints":{"allow":["GET"]}}],"collection":[{"href":"https:\/\/godbanm.si\/index.php?rest_route=\/wp\/v2\/pages"}],"about":[{"href":"https:\/\/godbanm.si\/index.php?rest_route=\/wp\/v2\/types\/page"}],"author":[{"embeddable":true,"href":"https:\/\/godbanm.si\/index.php?rest_route=\/wp\/v2\/users\/10690"}],"replies":[{"embeddable":true,"href":"https:\/\/godbanm.si\/index.php?rest_route=%2Fwp%2Fv2%2Fcomments&post=106"}],"version-history":[{"count":7,"href":"https:\/\/godbanm.si\/index.php?rest_route=\/wp\/v2\/pages\/106\/revisions"}],"predecessor-version":[{"id":1051,"href":"https:\/\/godbanm.si\/index.php?rest_route=\/wp\/v2\/pages\/106\/revisions\/1051"}],"wp:attachment":[{"href":"https:\/\/godbanm.si\/index.php?rest_route=%2Fwp%2Fv2%2Fmedia&parent=106"}],"curies":[{"name":"wp","href":"https:\/\/api.w.org\/{rel}","templated":true}]}}