{"id":1113,"date":"2017-04-28T20:18:58","date_gmt":"2017-04-28T18:18:58","guid":{"rendered":"http:\/\/godbanm.splet.arnes.si\/?page_id=1113"},"modified":"2018-03-11T15:36:18","modified_gmt":"2018-03-11T14:36:18","slug":"2017-2","status":"publish","type":"page","link":"https:\/\/godbanm.si\/?page_id=1113","title":{"rendered":"2017"},"content":{"rendered":"<p style=\"text-align: center\"><a href=\"http:\/\/godbanm.splet.arnes.si\/?page_id=1531\">Komemoracije<\/a><\/p>\n<p style=\"text-align: center\"><a href=\"http:\/\/godbanm.splet.arnes.si\/?page_id=1511\">Martinovanje<\/a><\/p>\n<p style=\"text-align: center\"><a href=\"http:\/\/godbanm.splet.arnes.si\/?page_id=1503\">Velikono\u010dna procesija<\/a><\/p>\n<p style=\"text-align: center\"><a href=\"http:\/\/godbanm.splet.arnes.si\/?page_id=1491\">Cvibelj<\/a><\/p>\n<p style=\"text-align: center\"><a href=\"http:\/\/godbanm.splet.arnes.si\/?page_id=1475\">80 let Kostanjevi\u0161ke jame<\/a><\/p>\n<p style=\"text-align: center\"><a href=\"http:\/\/godbanm.splet.arnes.si\/?page_id=1457\">Nastop pred porodni\u0161nico<\/a><\/p>\n<p style=\"text-align: center\"><a href=\"http:\/\/godbanm.splet.arnes.si\/?page_id=1431\">Kostanjev piknik<\/a><\/p>\n<p style=\"text-align: center\"><a href=\"http:\/\/godbanm.splet.arnes.si\/?page_id=1421\">Skoki v Krko<\/a><\/p>\n<p style=\"text-align: center\"><a href=\"http:\/\/godbanm.splet.arnes.si\/?page_id=1391\">Glasba po ameri\u0161ko<\/a><\/p>\n<p style=\"text-align: center\"><a href=\"http:\/\/godbanm.splet.arnes.si\/?page_id=1375\">Gasilska veselica v \u0160kocjanu<\/a><\/p>\n<p style=\"text-align: center\"><a href=\"http:\/\/godbanm.splet.arnes.si\/?page_id=1349\">\u0160kocjan<\/a><\/p>\n<p style=\"text-align: center\"><a href=\"http:\/\/godbanm.splet.arnes.si\/?page_id=1271\">80 let PGD Hmelj\u010di\u010d<\/a><\/p>\n<p style=\"text-align: center\"><a href=\"http:\/\/godbanm.splet.arnes.si\/?page_id=1343\">Kolesarska dirka Slovenije<\/a><\/p>\n<p style=\"text-align: center\"><a href=\"http:\/\/godbanm.splet.arnes.si\/?page_id=1339\">Prireditev Medob\u010dinskega dru\u0161tva invalidov<\/a><\/p>\n<p style=\"text-align: center\"><a href=\"https:\/\/godbanm.si\/?page_id=1331&amp;preview=true\">Debelak v \u0160D Leona \u0160tuklja<\/a><\/p>\n<p style=\"text-align: center\"><a href=\"https:\/\/godbanm.si\/?page_id=1223&amp;preview=true\">Po Novem mestu<\/a><\/p>\n<p style=\"text-align: center\"><a href=\"http:\/\/godbanm.splet.arnes.si\/?page_id=1117\">Prvomajska budnica<\/a><\/p>\n<p style=\"text-align: center\"><a href=\"https:\/\/godbanm.si\/?page_id=1213&amp;preview=true\">Kje je moj ljubi?<\/a><\/p>\n<p style=\"text-align: center\">\n","protected":false},"excerpt":{"rendered":"<p>Komemoracije Martinovanje Velikono\u010dna procesija Cvibelj 80 let Kostanjevi\u0161ke jame Nastop pred porodni\u0161nico Kostanjev piknik Skoki v Krko Glasba po ameri\u0161ko Gasilska veselica v \u0160kocjanu \u0160kocjan 80 let PGD Hmelj\u010di\u010d Kolesarska dirka Slovenije Prireditev Medob\u010dinskega dru\u0161tva invalidov Debelak v \u0160D Leona \u0160tuklja Po Novem mestu Prvomajska budnica Kje je moj ljubi?<\/p>\n","protected":false},"author":10690,"featured_media":0,"parent":26,"menu_order":0,"comment_status":"closed","ping_status":"closed","template":"","meta":{"footnotes":""},"class_list":["post-1113","page","type-page","status-publish","hentry"],"_links":{"self":[{"href":"https:\/\/godbanm.si\/index.php?rest_route=\/wp\/v2\/pages\/1113","targetHints":{"allow":["GET"]}}],"collection":[{"href":"https:\/\/godbanm.si\/index.php?rest_route=\/wp\/v2\/pages"}],"about":[{"href":"https:\/\/godbanm.si\/index.php?rest_route=\/wp\/v2\/types\/page"}],"author":[{"embeddable":true,"href":"https:\/\/godbanm.si\/index.php?rest_route=\/wp\/v2\/users\/10690"}],"replies":[{"embeddable":true,"href":"https:\/\/godbanm.si\/index.php?rest_route=%2Fwp%2Fv2%2Fcomments&post=1113"}],"version-history":[{"count":18,"href":"https:\/\/godbanm.si\/index.php?rest_route=\/wp\/v2\/pages\/1113\/revisions"}],"predecessor-version":[{"id":1747,"href":"https:\/\/godbanm.si\/index.php?rest_route=\/wp\/v2\/pages\/1113\/revisions\/1747"}],"up":[{"embeddable":true,"href":"https:\/\/godbanm.si\/index.php?rest_route=\/wp\/v2\/pages\/26"}],"wp:attachment":[{"href":"https:\/\/godbanm.si\/index.php?rest_route=%2Fwp%2Fv2%2Fmedia&parent=1113"}],"curies":[{"name":"wp","href":"https:\/\/api.w.org\/{rel}","templated":true}]}}